40
What is the remainder when 565 is divided by 193?
179
What is the remainder when 14 is divided by 5?
4
Calculate the remainder when 1636 is divided by 809.
18
What is the remainder when 863 is divided by 14?
9
Calculate the remainder when 2575 is divided by 16.
15
Calculate the remainder when 40 is divided by 12.
4
What is the remainder when 24567 is divided by 13?
10
Calculate the remainder when 2486 is divided by 71.
1
Calculate the remainder when 123 is divided by 65.
58
Calculate the remainder when 255 is divided by 250.
5
What is the remainder when 1424 is divided by 65?
59
What is the remainder when 208 is divided by 43?
36
Calculate the remainder when 95 is divided by 89.
6
What is the remainder when 758 is divided by 64?
54
Calculate the remainder when 2247 is divided by 225.
222
Calculate the remainder when 121 is divided by 69.
52
What is the remainder when 755 is divided by 39?
14
Calculate the remainder when 643 is divided by 38.
35
Calculate the remainder when 123 is divided by 6.
3
What is the remainder when 515 is divided by 6?
5
Calculate the remainder when 238 is divided by 63.
49
What is the remainder when 25 is divided by 13?
12
What is the remainder when 400 is divided by 77?
15
Calculate the remainder when 11311 is divided by 8.
7
Calculate the remainder when 432 is divided by 6.
0
What is the remainder when 124 is divided by 26?
20
Calculate the remainder when 1080 is divided by 404.
272
Calculate the remainder when 124 is divided by 6.
4
What is the remainder when 217 is divided by 8?
1
Calculate the remainder when 2854 is divided by 102.
100
Calculate the remainder when 115 is divided by 11.
5
Calculate the remainder when 777 is divided by 19.
17
Calculate the remainder when 1138 is divided by 204.
118
What is the remainder when 938 is divided by 44?
14
What is the remainder when 205 is divided by 21?
16
What is the remainder when 561 is divided by 538?
23
Calculate the remainder when 1149 is divided by 96.
93
Calculate the remainder when 110 is divided by 10.
0
What is the remainder when 34 is divided by 14?
6
What is the remainder when 99 is divided by 33?
0
What is the remainder when 229 is divided by 77?
75
What is the remainder when 220 is divided by 74?
72
What is the remainder when 69 is divided by 33?
3
Calculate the remainder when 5 is divided by 5.
0
Calculate the remainder when 869 is divided by 30.
29
What is the remainder when 46 is divided by 30?
16
Calculate the remainder when 151 is divided by 11.
8
Calculate the remainder when 6 is divided by 5.
1
What is the remainder when 347 is divided by 27?
23
Calculate the remainder when 413 is divided by 26.
23
What is the remainder when 114 is divided by 10?
4
Calculate the remainder when 2923 is divided by 14.
11
Calculate the remainder when 33 is divided by 6.
3
What is the remainder when 721 is divided by 310?
101
Calculate the remainder when 250 is divided by 156.
94
Calculate the remainder when 3005 is divided by 998.
11
What is the remainder when 141 is divided by 31?
17
Calculate the remainder when 43317 is divided by 190.
187
Calculate the remainder when 43 is divided by 30.
13
Calculate the remainder when 463 is divided by 127.
82
What is the remainder when 458 is divided by 153?
152
Calculate the remainder when 173 is divided by 22.
19
Calculate the remainder when 429 is divided by 43.
42
What is the remainder when 164 is divided by 55?
54
What is the remainder when 93 is divided by 85?
8
What is the remainder when 641 is divided by 37?
12
What is the remainder when 1600 is divided by 107?
102
What is the remainder when 210 is divided by 31?
24
What is the remainder when 1264 is divided by 51?
40
Calculate the remainder when 1434 is divided by 333.
102
Calculate the remainder when 282 is divided by 76.
54
What is the remainder when 817 is divided by 14?
5
What is the remainder when 27401 is divided by 62?
59
What is the remainder when 63 is divided by 45?
18
What is the remainder when 2040 is divided by 8?
0
What is the remainder when 1004 is divided by 508?
496
Calculate the remainder when 1619 is divided by 50.
19
What is the remainder when 36094 is divided by 16?
14
Calculate the remainder when 888 is divided by 151.
133
Calculate the remainder when 68 is divided by 61.
7
Calculate the remainder when 12131 is divided by 18.
17
Calculate the remainder when 149 is divided by 14.
9
Calculate the remainder when 1567 is divided by 7.
6
Calculate the remainder when 67 is divided by 8.
3
Calculate the remainder when 198 is divided by 20.
18
Calculate the remainder when 643 is divided by 23.
22
Calculate the remainder when 1540 is divided by 174.
148
What is the remainder when 404 is divided by 9?
8
Calculate the remainder when 887 is divided by 27.
23
What is the remainder when 862 is divided by 858?
4
What is the remainder when 7115 is divided by 17?
9
What is the remainder when 63 is divided by 7?
0
Calculate the remainder when 687 is divided by 102.
75
What is the remainder when 89 is divided by 49?
40
Calculate the remainder when 95 is divided by 19.
0
What is the remainder when 1333 is divided by 274?
237
Calculate the remainder when 320 is divided by 46.
44
What is the remainder when 101 is divided by 27?
20
What is the remainder when 18 is divided by 16?
2
Calculate the remainder when 555 is divided by 11.
5
Calculate the remainder when 769 is divided by 200.
169
What is the remainder when 657 is divided by 43?
12
What is the remainder when 1389 is divided by 4?
1
What is the remainder when 7 is divided by 2?
1
Calculate the remainder when 2658 is divided by 38.
36
What is the remainder when 5813 is divided by 17?
16
What is the remainder when 139 is divided by 48?
43
What is the remainder when 24 is divided by 20?
4
What is the remainder when 64 is divided by 4?
0
What is the remainder when 238 is divided by 78?
4
What is the remainder when 389 is divided by 160?
69
What is the remainder when 123 is divided by 14?
11
What is the remainder when 1314 is divided by 437?
3
Calculate the remainder when 278 is divided by 28.
26
Calculate the remainder when 2869 is divided by 13.
9
What is the remainder when 10 is divided by 1?
0
What is the remainder when 264 is divided by 264?
0
Calculate the remainder when 2733 is divided by 12.
9
What is the remainder when 984 is divided by 47?
44
What is the remainder when 440 is divided by 29?
5
Calculate the remainder when 166 is divided by 57.
52
Calculate the remainder when 474 is divided by 3.
0
Calculate the remainder when 73 is divided by 40.
33
Calculate the remainder when 40 is divided by 22.
18
Calculate the remainder when 247 is divided by 31.
30
Calculate the remainder when 15105 is divided by 166.
165
What is the remainder when 319 is divided by 233?
86
Calculate the remainder when 150 is divided by 57.
36
Calculate the remainder when 2543 is divided by 49.
44
What is the remainder when 326 is divided by 37?
30
What is the remainder when 634 is divided by 126?
4
Calculate the remainder when 577 is divided by 20.
17
Calculate the remainder when 281 is divided by 99.
83
Calculate the remainder when 1419 is divided by 21.
12
Calculate the remainder when 173 is divided by 6.
5
What is the remainder when 202 is divided by 84?
34
What is the remainder when 971 is divided by 108?
107
What is the remainder when 3666 is divided by 262?
260
Calculate the remainder when 514 is divided by 93.
49
Calculate the remainder when 209 is divided by 189.
20
Calculate the remainder when 486 is divided by 183.
120
What is the remainder when 340 is divided by 26?
2
Calculate the remainder when 707 is divided by 118.
117
Calculate the remainder when 514 is divided by 74.
70
What is the remainder when 194 is divided by 25?
19
What is the remainder when 1082 is divided by 109?
101
What is the remainder when 186 is divided by 17?
16
Calculate the remainder when 2698 is divided by 66.
58
Calculate the remainder when 586 is divided by 98.
96
Calculate the remainder when 822 is divided by 122.
90
What is the remainder when 4767 is divided by 316?
27
What is the remainder when 442 is divided by 104?
26
What is the remainder when 84 is divided by 10?
4
What is the remainder when 2060 is divided by 175?
135
What is the remainder